on divisor of g and 444?
12
Suppose 16*m - 17*m = -i - 9, 6 = 2*m + 2*i. Calculate the highest common factor of m and 16.
2
Suppose 3372 = 9*a - 3. Calculate the highest common factor of 135 and a.
15
Suppose 0 = 9*b + 3 - 3. Suppose 0*o - o + 26 = x, -x - 1 = b. Calculate the highest common divisor of 54 and o.
27
Suppose 0 = -2*i + 2*h + 8, -8*i + 35 = -3*i - 2*h. What is the greatest common factor of i and 72?
9
Let p(m) = 17*m**2 - 4*m + 3. Let c be p(-4). Suppose -3*n + c = 3*r - 4*r, -483 = -5*n + r. What is the greatest common factor of n and 24?
24
Suppose -424*n + 60 = -418*n. What is the highest common divisor of n and 2230?
10
Let u be (-1 - -3)/(2/393). Suppose -5*h + 1065 = -2*k + 6*k, 2*h = 5*k + u. What is the greatest common factor of 19 and h?
19
Let j = -111 + 183. Let t = -11 - -23. What is the highest common divisor of j and t?
12
Let v = -62 - -153. Let t(p) = p - 9. Let s be t(16). Let y = v - s. Calculate the greatest common factor of y and 12.
12
Let p be 12/(-16)*2*-4. Let w be 3/1 - (-18)/p. Suppose -78 = -w*t + 3*t. What is the greatest common divisor of 13 and t?
13
Let y = -8 - -16. Let w be (-22)/(-121) + 42/11. What is the highest common divisor of y and w?
4
Let d = 12 + -64. Let q be -1*2 - (10 + d). What is the highest common factor of q and 8?
8
Let x be 12/(-16) - 201/(-12). What is the highest common divisor of x and 144?
16
Let u(i) = 4*i - 2. Suppose 0 = 4*x - 56 - 28. Suppose -15 = -5*a + a - s, 3*s - x = -4*a. Let n be u(a). Calculate the greatest common factor of n and 90.
10
Let n(r) = 8*r**2 + 5*r - 2. Let x be n(-1). What is the greatest common factor of 5 and x?
1
Let z = -28 + 113. Let p = z - 81. What is the highest common divisor of p and 4?
4
Let m(l) = 1. Let z(d) = 44*d + 264. Let n(u) = -264*m(u) + z(u). Let f be n(4). Calculate the highest common factor of 16 and f.
16
Let o be 3 + (-3)/(6/(-10)). Let l = o + -14. Let q be 44 - (3 + l - -3). Calculate the highest common divisor of 4 and q.
4
Suppose 2*k - 15 = -k. Suppose 5 = 5*b - 4*b + k*h, 0 = -2*h. Let o(a) = a**2 - 3*a - 1. Let z be o(b). What is the greatest common divisor of z and 9?
9
Suppose 248 = o + 3*o. Let c = 30 - o. Let m be (c/(-12))/(10/135). Calculate the greatest common divisor of 90 and m.
18
Let y be -4 + 28/18*9. Let t be 80/3*(-3)/(-2). Calculate the highest common factor of y and t.
10
Suppose 20297 = 46*a - 2059. Calculate the highest common divisor of 36 and a.
18
Suppose 3 = 2*y - y. Suppose -10*w + 66 = -8*w. Calculate the highest common factor of y and w.
3
Let p = 345 + -253. What is the greatest common divisor of 28 and p?
4
Let w(s) = -34*s**3 + s**2 - 2*s - 2. Let n be w(-1). Calculate the highest common divisor of n and 175.
35
Let d(s) = -2*s - 2. Let m = -23 + 21. Let h be d(m). Suppose v - a - 9 = 0, h*v + 4*a - 30 = 3*a. What is the highest common divisor of v and 117?
13
Suppose m + 1762 - 308 = 0. Let f = 796 + m. Let k be (-2)/5 - f/70. Calculate the greatest common divisor of k and 36.
9
Let u = 13 - 13. Suppose -2*k + 26 + 16 = u. What is the highest common factor of 14 and k?
7
Suppose 834 = 64*g - 4926. Suppose 2*o = h - 48 + 143, -125 = -3*o - 2*h. What is the greatest common factor of o and g?
45
Let s be 2/(-4) + (-650)/(-100). What is the greatest common divisor of 54 and s?
6
Let b(p) = -6*p**2 + 45*p - 81. Let o(x) = -x**2 + 9*x - 16. Let n(m) = -4*b(m) + 21*o(m). Let a be n(-5). What is the greatest common factor of a and 90?
18
Let d be ((-4 - -8) + 14/(-4))*0. Suppose -2*u + 74 + 50 = d. What is the greatest common factor of 93 and u?
31
Suppose 3*j = -2*j + 85. Let s = 19 - j. Let t(x) = -x**2 + 7*x + 4. Let g be t(5). What is the highest common factor of s and g?
2
Let i(b) = 2*b**2 - 6*b - 3. Let v be i(7). Suppose 4*f = v + 35. What is the highest common factor of f and 242?
22
Let t(g) = g**3 + 6*g**2 - 2*g + 1. Let s be t(-6). Calculate the highest common factor of s and 26.
13
Suppose 714 = 30*a - 2016. What is the greatest common factor of a and 21?
7
Let k(f) = f**2 + 6*f - 6. Let r be k(-6). Let n be (-2)/r*810/6. Suppose -4*d + 58 = -14. Calculate the greatest common divisor of d and n.
9
Let h(j) = -j**3 + 7*j**2 - 5*j + 8. Let w be h(6). Let g = -653 + 457. Let x be (-6)/(-2)*g/(-6). What is the greatest common factor of x and w?
14
Let u be ((-42)/28)/(3/(-10)). Let g = -25 + 60. What is the highest common divisor of u and g?
5
Let n be (-204)/(-33) + 7 - (-2)/(-11). Suppose -128 = -n*f + 158. What is the greatest common divisor of f and 176?
22
Suppose -3*i - 22 + 55 = 0. Suppose -3*m + 36 = -4*q - 146, -57 = -m + 5*q. Suppose 0 = 3*f - 70 - m. Calculate the highest common factor of i and f.
11
Let j(g) = -g**3 - 21*g**2 - 4*g - 28. Let h be j(-21). Suppose 6 + 8 = t. What is the highest common divisor of t and h?
14
Let w = 98 - 30. Let j = w - 52. What is the greatest common factor of 128 and j?
16
Let z be 24/(-36) - (326/(-3) + 0). What is the greatest common factor of 60 and z?
12
Let r be (-1762)/(-8) - 1/4. Let x be r - (7 - (-15)/(-5)). What is the greatest common divisor of 24 and x?
24
Let j(o) = -5*o**2 + 13*o - 15. Let s(i) = 6*i**2 - 14*i + 15. Let l(z) = 7*j(z) + 6*s(z). Let t be l(-10). Calculate the highest common divisor of 6 and t.
3
Let v(j) = -j**3 - 20*j**2 + 15*j - 5. Let c be v(-21). What is the greatest common factor of c and 11?
11
Suppose -4*s - 280 = -4*a, -4*s = 3*a - 32 - 192. What is the greatest common factor of a and 128?
8
Suppose 15*i = 3598 + 9752. What is the greatest common factor of i and 40?
10
Let p(d) = 6*d - 3. Let s be p(4). Let c = s + -12. Suppose -5*m + c*m = 112. Calculate the greatest common factor of 7 and m.
7
Suppose 5*x + 16 - 36 = 0. What is the greatest common factor of 50 and x?
2
Suppose -357 = -7*q + 175. Calculate the highest common factor of 1900 and q.
76
Suppose -3*a - 162 = -2*j, 5*a - 57 = -5*j + 348. Let b = 86 + -32. Calculate the greatest common divisor of j and b.
27
Suppose -13*g = -868 + 127. Let h = 13 - -6. What is the greatest common factor of h and g?
19
Suppose -23*l - 3*t = -18*l - 1960, 2*l - 795 = t. What is the greatest common divisor of 158 and l?
79
Let p be 24/10 - (-8)/(-20). Let l(o) = o**p - o**2 - 4 - 2*o + o**3 + 4*o**2 - 5*o. Let y be l(-5). Calculate the highest common divisor of y and 30.
6
Let b be ((-6)/(-4))/(3/4). Suppose 175 = 3*v + b*v. Let t = 291 - 151. Calculate the highest common factor of v and t.
35
Let f = -316 - -1140. Suppose 7*z - f = 324. What is the greatest common divisor of 41 and z?
41
Let s be 3/4 + 1053/36. Let m(g) = -g**2 + g - 2. Let z be m(-2). Let f = s + z. What is the highest common divisor of f and 2?
2
Let z = -101 - -211. Suppose 0 = -3*b + 55 + z. Calculate the highest common factor of b and 22.
11
Let l(n) = -3*n**3 - n**2 + 6*n + 5. Let h be l(-5). What is the greatest common divisor of 13 and h?
13
Suppose -r - 3*f = -44, 2*f = 7*f. What is the highest common divisor of r and 308?
44
Suppose -108 = 10*k - 4*k. Let d be (-12)/k*6/4. Calculate the highest common divisor of d and 11.
1
Let g = 132 + -72. Let n be (-10)/4*(-1056)/g. What is the highest common factor of 22 and n?
22
Suppose -r = -a + 4*r + 68, -5*a = -4*r - 256. Calculate the highest common divisor of 1264 and a.
16
Let n be (-12334)/(-126) + (-3)/(-27). Calculate the greatest common divisor of n and 245.
49
Let d = -13 - -31. Let x be (-60)/d*(-81)/3. What is the highest common factor of x and 10?
10
Suppose -3*b + 10 = d, -4*b + 10 = -3*d + d. Suppose 3*u + 4*f + 8 - 48 = 0, -3*f - 12 = -3*u. Calculate the highest common divisor of d and u.
1
Suppose -31*u + 8*u = -1725. What is the highest common factor of 300 and u?
75
Suppose -7*o = -62 - 127. Suppose o = 3*g - 3*w, g - 7 = -3*w + 5*w. What is the greatest common divisor of 44 and g?
11
Suppose -6*g + 14 = -5*g. Suppose -3*z = -2*z - 4. Suppose -2*y = -z*w + 64, -4*y + 58 = 5*w - y. Calculate the highest common factor of w and g.
14
Suppose 0*u = -u + 4. Suppose u*a - 16 = -0. Suppose -a*k = 3 - 15. What is the highest common divisor of 33 and k?
3
Suppose -5*p = -q + 116, 2*q - 2*p + 0*p = 248. Let c be 2 + -1 - 2 - -85. What is the greatest common factor of c and q?
42
Let x = -1 - -9. Suppose -53*d + 3*d = -3*d - 6016. Calcu